the prime factors of 15330.
2, 3, 5, 7, 73
List the prime factors of 49204.
2, 12301
List the prime factors of 7998.
2, 3, 31, 43
What are the prime factors of 29106?
2, 3, 7, 11
What are the prime factors of 974?
2, 487
List the prime factors of 175595.
5, 7, 29, 173
What are the prime factors of 4664?
2, 11, 53
What are the prime factors of 69292?
2, 17, 1019
What are the prime factors of 305?
5, 61
What are the prime factors of 2242?
2, 19, 59
What are the prime factors of 418?
2, 11, 19
List the prime factors of 571.
571
What are the prime factors of 89879?
17, 311
List the prime factors of 59304.
2, 3, 7, 353
List the prime factors of 44847.
3, 11, 151
List the prime factors of 1498.
2, 7, 107
List the prime factors of 17019.
3, 31, 61
List the prime factors of 17021.
17021
List the prime factors of 1567.
1567
What are the prime factors of 8838?
2, 3, 491
List the prime factors of 4376.
2, 547
What are the prime factors of 1851?
3, 617
List the prime factors of 9956.
2, 19, 131
What are the prime factors of 77638?
2, 11, 3529
What are the prime factors of 1744?
2, 109
What are the prime factors of 338?
2, 13
What are the prime factors of 1065?
3, 5, 71
List the prime factors of 102852.
2, 3, 2857
List the prime factors of 1692.
2, 3, 47
List the prime factors of 56766.
2, 3, 9461
List the prime factors of 12786.
2, 3, 2131
List the prime factors of 94750.
2, 5, 379
List the prime factors of 29118.
2, 3, 23, 211
What are the prime factors of 76?
2, 19
List the prime factors of 13083.
3, 7, 89
What are the prime factors of 1895?
5, 379
List the prime factors of 43783.
43783
What are the prime factors of 117?
3, 13
List the prime factors of 45951.
3, 17, 53
What are the prime factors of 8097?
3, 2699
What are the prime factors of 64522?
2, 32261
List the prime factors of 117.
3, 13
What are the prime factors of 1109?
1109
What are the prime factors of 64912?
2, 4057
List the prime factors of 45354.
2, 3, 7559
What are the prime factors of 4472?
2, 13, 43
List the prime factors of 685.
5, 137
List the prime factors of 93024.
2, 3, 17, 19
What are the prime factors of 2441?
2441
List the prime factors of 13933.
13933
What are the prime factors of 431?
431
List the prime factors of 32130.
2, 3, 5, 7, 17
What are the prime factors of 213?
3, 71
List the prime factors of 10.
2, 5
List the prime factors of 152221.
29, 181
List the prime factors of 15530.
2, 5, 1553
List the prime factors of 54518.
2, 27259
What are the prime factors of 6018?
2, 3, 17, 59
List the prime factors of 2062.
2, 1031
What are the prime factors of 9358?
2, 4679
What are the prime factors of 6453?
3, 239
List the prime factors of 9292.
2, 23, 101
What are the prime factors of 15660?
2, 3, 5, 29
List the prime factors of 1059.
3, 353
What are the prime factors of 82342?
2, 13, 3167
What are the prime factors of 13581?
3, 503
What are the prime factors of 55480?
2, 5, 19, 73
List the prime factors of 196.
2, 7
What are the prime factors of 1087?
1087
What are the prime factors of 8518?
2, 4259
What are the prime factors of 88?
2, 11
List the prime factors of 13412.
2, 7, 479
What are the prime factors of 34828?
2, 8707
What are the prime factors of 2873?
13, 17
List the prime factors of 39210.
2, 3, 5, 1307
What are the prime factors of 2983?
19, 157
What are the prime factors of 4085?
5, 19, 43
List the prime factors of 2299.
11, 19
List the prime factors of 2153.
2153
What are the prime factors of 76985?
5, 89, 173
What are the prime factors of 262?
2, 131
What are the prime factors of 3778?
2, 1889
What are the prime factors of 779?
19, 41
What are the prime factors of 86651?
73, 1187
List the prime factors of 98588.
2, 7, 503
List the prime factors of 14078.
2, 7039
List the prime factors of 1434.
2, 3, 239
List the prime factors of 33904.
2, 13, 163
What are the prime factors of 78?
2, 3, 13
What are the prime factors of 39750?
2, 3, 5, 53
List the prime factors of 2639.
7, 13, 29
List the prime factors of 9549.
3, 1061
What are the prime factors of 21258?
2, 3, 1181
List the prime factors of 36223.
11, 37, 89
List the prime factors of 493.
17, 29
What are the prime factors of 65186?
2, 11, 2963
What are the prime factors of 73249?
11, 6659
What are the prime factors of 72969?
3, 13, 1871
List the prime factors of 13034.
2, 7, 19
List the prime factors of 7673.
7673
What are the prime factors of 692?
2, 173
What are the prime factors of 6013?
7, 859
List the prime factors of 176240.
2, 5, 2203
List the prime factors of 523.
523
What are the prime factors of 2239?
2239
What are the prime factors of 58844?
2, 47, 313
What are the prime factors of 7811?
73, 107
What are the prime factors of 529?
23
List the prime factors of 17667.
3, 13, 151
What are the prime factors of 17444?
2, 7, 89
List the prime factors of 810.
2, 3, 5
List the prime factors of 1257.
3, 419
What are the prime factors of 1029?
3, 7
What are the prime factors of 8497?
29, 293
List the prime factors of 79152.
2, 3, 17, 97
List the prime factors of 6944.
2, 7, 31
What are the prime factors of 822?
2, 3, 137
What are the prime factors of 1636?
2, 409
List the prime factors of 137.
137
List the prime factors of 392.
2, 7
What are the prime factors of 336?
2, 3, 7
What are the prime factors of 27068?
2, 67, 101
List the prime factors of 4592.
2, 7, 41
List the prime factors of 1934.
2, 967
What are the prime factors of 2302?
2, 1151
What are the prime factors of 127593?
3, 14177
List the prime factors of 126.
2, 3, 7
List the prime factors of 3429.
3, 127
List the prime factors of 1649.
17, 97
List the prime factors of 29864.
2, 3733
What are the prime factors of 3473?
23, 151
List the prime factors of 15799.
7, 37, 61
List the prime factors of 240.
2, 3, 5
List the prime factors of 1671.
3, 557
List the prime factors of 3705.
3, 5, 13, 19
List the prime factors of 7530.
2, 3, 5, 251
What are the prime factors of 42180?
2, 3, 5, 19, 37
What are the prime factors of 31630?
2, 5, 3163
What are the prime factors of 13836?
2, 3, 1153
List the prime factors of 49869.
3, 1847
What are the prime factors of 13088?
2, 409
List the prime factors of 25.
5
List the prime factors of 1993.
1993
List the prime factors of 9297.
3, 1033
What are the prime factors of 196?
2, 7
List the prime factors of 4046.
2, 7, 17
What are the prime factors of 23897?
23, 1039
List the prime factors of 29677.
59, 503
What are the prime factors of 6120?
2, 3, 5, 17
List the prime factors of 1792.
2, 7
List the prime factors of 548.
2, 137
What are the prime factors of 3021?
3, 19, 53
What are the prime factors of 17277?
3, 13, 443
List the prime factors of 33545.
5, 6709
What are the prime factors of 607?
607
List the prime factors of 1520.
2, 5, 19
What are the prime factors of 104?
2, 13
List the prime factors of 6042.
2, 3, 19, 53
List the prime factors of 1546.
2, 773
List the prime factors of 3247.
17, 191
What are the prime factors of 84552?
2, 3, 13, 271
List the prime factors of 14817.
3, 11, 449
What are the prime factors of 986?
2, 17, 29
List the prime factors of 39283.
163, 241
List the prime factors of 5870.
2, 5, 587
What are the prime factors of 2296?
2, 7, 41
What are the prime factors of 15143?
19, 797
What are the prime factors of 14474?
2, 7237
List the prime factors of 87.
3, 29
What are the prime factors of 628?
2, 157
What are the prime factors of 9537?
3, 11, 17
What are the prime factors of 10912?
2, 11, 31
List the prime factors of 22706.
2, 11353
What are the prime factors of 1655?
5, 331
List the prime factors of 3882.
2, 3, 647
List the prime factors of 82523.
7, 11789
What are the prime factors of 15368?
2, 17, 113
List the prime factors of 3232.
2, 101
List the prime factors of 5305.
5, 1061
What are the prime factors of 120?
2, 3, 5
What are the prime factors of 812?
2, 7, 29
What are the prime factors of 55147?
55147
List the prime factors of 44.
2, 11
What are the prime factors of 5485?
5, 1097
What are the prime factors of 6796?
2, 1699
What are the prime factors of 4634?
2, 7, 331
What are the prime factors of 600?
2, 3, 5
What are the prime factors of 2052?
2, 3, 19
What are the prime factors of 18887?
11, 17, 101
What are the prime factors of 467?
467
List the prime factors of 3021.
3, 19, 53
List t